. Suppose 5*r + 2*j - o = 0, 5*j = -5*r - 3 + 63. List the prime factors of r.
13
Let z(o) = 2*o - 4. Let c be z(7). Suppose 6*d = d + c. Suppose 39 = 4*v + 5*f, d*v + 0*f = -3*f + 19. What are the prime factors of v?
11
Let q(p) = p**2 + 2*p + 3. Let f be q(-3). What are the prime factors of ((-84)/35)/(f/(-20))?
2
Suppose 3*f + f = -4*r + 12, 2 = 3*f - 4*r. Suppose 9 = x + f*x. Suppose -d - x*n + 2*n = -13, 4*d - 47 = -3*n. List the prime factors of d.
2
Let h(z) = 14*z + 5. What are the prime factors of h(3)?
47
Let y(g) = 14 - 4*g + 3*g + 2*g + 2. Let n be y(-9). Suppose -27 + n = -5*o. What are the prime factors of o?
2
Let p(m) = -6 + 2 - 3*m + 0. List the prime factors of p(-3).
5
Suppose -4*i = -3*i - 63. List the prime factors of i.
3, 7
Let k(b) = 12*b - 4. Let m(x) = 1. Let u(r) = -2*k(r) - 8*m(r). List the prime factors of u(-1).
2, 3
What are the prime factors of -6*-2*(-3)/(-2)?
2, 3
Suppose 4*y + 3 - 11 = 0. List the prime factors of y + 1 + -2 + 11.
2, 3
Suppose -3*l = -5*w, -5*l = 2*w - 2*l. Let i = 3 + w. Suppose 2*d - 34 = -2*t, -i*t = -7*t - 2*d + 62. List the prime factors of t.
2, 7
Suppose 2*j = 7*j - 80. What are the prime factors of j?
2
Let i = -14 + 2. What are the prime factors of 2/(-1) - (-10 + i)?
2, 5
Suppose -3*g + 8*g - 20 = 0. Suppose 0 = -4*j + 5*k + 3, 5 + 3 = 5*j - 2*k. Suppose -g*r = o + 2, -j*o = 2*r + 2 - 10. What are the prime factors of o?
2, 3
Let t(p) = -p**2 - 9*p - 8. Let l be t(-6). Let z be ((-42)/(-35))/((-1)/5). Let v = l + z. List the prime factors of v.
2
Let u be 1*(-8)/4 + 19. Let n = u + -12. List the prime factors of n.
5
Let u(c) = 8*c - 17. Let l(k) = -2*k + 4. Suppose 5*f = 3*f - 36. Let w(r) = f*l(r) - 4*u(r). List the prime factors of w(4).
2, 3
Let f = 59 - 31. What are the prime factors of f?
2, 7
Let m be (-1*3)/(6/4). Let u(l) = 9*l - 2 - 8*l - 7*l. What are the prime factors of u(m)?
2, 5
Let u(z) = -3*z - 5. Let i be u(4). Let q = i - -41. List the prime factors of q.
2, 3
Let f(c) = 20*c**3 + c**2 - 2*c + 1. List the prime factors of f(1).
2, 5
Suppose -5*x + 43 = 3*o, 0 = 5*o - 3*o - 5*x - 62. Let v be (-36)/(-21) + 6/o. Suppose -47 = -4*t + 5*q, 10 = -v*t + 3*t - 3*q. List the prime factors of t.
13
Let m(f) = -f + 1. Let k(y) = y - 1 + y - 1. Let w(p) = 2*k(p) + 3*m(p). List the prime factors of w(4).
3
Suppose c - 3*z = 20, 5*z + 50 = 2*c + 3*c. Suppose 2 = c*n + 7, 0 = -3*d + 5*n + 89. What are the prime factors of d?
2, 7
Let b(c) = -5*c**2 - 4*c + 8. Let n(l) = 11*l**2 + 7*l - 15. Let r(q) = 13*b(q) + 6*n(q). What are the prime factors of r(11)?
5
Let n(k) = 3*k**2 + 3*k. Let i be n(-2). Let g(b) = -b**3 + 7*b**2 - 6*b + 3. List the prime factors of g(i).
3
Let m(q) = -q**2 - 14*q + 2. Let t be m(-14). What are the prime factors of -55*1/(t + -3)?
5, 11
Suppose -5*v + 6 = 1. Let n(d) be the third derivative of d**6/12 + d**5/60 - d**4/24 + d**2. What are the prime factors of n(v)?
2, 5
Let f(y) = y - 4. Let g be f(3). Let x(v) = -v**2 + v - 1. Let u(b) = 2*b**2 + 6. Let n(j) = g*u(j) - 3*x(j). List the prime factors of n(5).
7
Let o be 2/(-8) + (-339)/(-12). Suppose 0*g - o = -2*g. What are the prime factors of g?
2, 7
Let i(n) = 29*n - 10. List the prime factors of i(9).
251
Let q(k) = -k**3 + 6*k**2 - 3. Let z be q(5). Let y = z + -14. What are the prime factors of y?
2
Suppose -8*v = -3*v - 380. What are the prime factors of v?
2, 19
Suppose 6*v = v + 185. What are the prime factors of v?
37
Let h = 95 + -54. Suppose -n = 2*s + 1, h = 5*n - 5*s + 1. Suppose -2*u = n*b - 0*u - 34, -u = -4*b + 35. List the prime factors of b.
2
Let f be 22/(-4) + (-11)/(-22). What are the prime factors of ((-4)/f)/((-18)/(-405))?
2, 3
Let l be -10*6/(-1 - 2). Suppose -4*c + l = c. Let w = c - 2. What are the prime factors of w?
2
Suppose 0 = -c + 6 - 1, 0 = 4*o + 3*c - 723. List the prime factors of o.
3, 59
Suppose o - 2*c = 167, -4*o - 4*c + 684 = -8*c. What are the prime factors of o?
5, 7
Let z = 11 + 1. List the prime factors of z.
2, 3
Suppose 2*h + 13 = 3*t, -2*t + h + 4 = 2*h. Suppose n = -0*n + t. What are the prime factors of 2/(-6) - (-28)/n?
3
Let p(y) = 7*y - 13. List the prime factors of p(7).
2, 3
Let b(t) be the second derivative of t**5/20 - 5*t**4/12 - 2*t. List the prime factors of b(6).
2, 3
Suppose 0 = -2*v - 4*f + 8*f + 136, 4*v = -4*f + 248. What are the prime factors of v?
2
Suppose -136 = -5*a - 36. Let h = 73 - a. What are the prime factors of (-6)/(-15) - h/(-5)?
11
Let v(m) = m**3 - 4*m**2 - 4*m - 1. Let g be v(5). Let d be 1 + 3/6*6. Suppose -2*i + d*i + 4*l - 56 = 0, g*l + 70 = 5*i. List the prime factors of i.
2, 3
Let q = 1 + -2. What are the prime factors of 5/10*(-14)/q?
7
Let p be (2/3)/((-3)/(-117)). Suppose -2*n = -s + 2*s - 31, 2*n - p = -2*s. List the prime factors of n.
2, 3
Let o = -3 - 1. Let b be ((-3)/2)/(2/o). Suppose b*i - 62 = -4*c, 4*c = -3*i + 9*c + 17. List the prime factors of i.
2, 7
Let z be 1*2*(-75)/6. Let p = -13 - z. What are the prime factors of p?
2, 3
Let a(l) = l**2 + 2*l + 1. Let b be a(-2). What are the prime factors of b + -92*(-4)/8?
47
Let l(h) be the second derivative of 5*h**3/6 - 13*h**2/2 + 5*h. List the prime factors of l(7).
2, 11
Let t(z) be the first derivative of z**2/2 + z - 8. List the prime factors of t(1).
2
Let h(z) = 1 + z + 2 - 4 + 4. What are the prime factors of h(10)?
13
Let v = -2 - -4. Let d(g) = 5*g - 1. Let f be d(3). Suppose 0 = -v*m + 8 + f. List the prime factors of m.
11
Suppose 2*r - j - 141 = 0, 0 = 5*r + 4*j - 202 - 183. List the prime factors of r.
73
Let g(i) = i**3 - 4*i**2 + 4. Let r(f) = 5*f**2 + 2*f + 1. Let y be r(-1). Let p be g(y). Suppose -l - 36 = -p*l. What are the prime factors of l?
2, 3
Let r be (-10)/(-1) - 6/2. Suppose -2*f = -r*f + 125. What are the prime factors of f?
5
Suppose 0 = c - 4 - 50. What are the prime factors of c?
2, 3
Let x(g) = -g + 7. Let p be x(6). Let s be p*2/(-4)*-8. Suppose -y + r = 2*y - 16, -16 = s*r. What are the prime factors of y?
2
List the prime factors of 3 + -2 + 40 + -1.
2, 5
Let k(w) = 3*w - 18. Suppose 60 = -z - 4*z. Let i = z - -24. List the prime factors of k(i).
2, 3
Let r(p) = -3*p**3 + 2*p**2 - 4*p - 5. List the prime factors of r(-2).
5, 7
Let f = 2 - -3. What are the prime factors of f?
5
Let s = 264 - 132. List the prime factors of s.
2, 3, 11
Suppose 4*k - 15 = -3. Suppose 7*r - 4*r + 2*u = 74, -r + 21 = -k*u. What are the prime factors of r?
2, 3
Suppose -4*v - 3*k + 12 = 0, -12 = 3*v - 5*k + 8. Suppose -4*i - i + 45 = v. What are the prime factors of i?
3
Let w be 154/33*6/(-4). List the prime factors of (-12)/4 + 5 - w.
3
Let c = -4 + 6. List the prime factors of c/4*26/1.
13
Let l = -16 + 242. What are the prime factors of l?
2, 113
Suppose -1 = -s + 4. Let r = -2 + s. What are the prime factors of r + 6 + -2 + 0?
7
Let i = 7 - -4. List the prime factors of i.
11
Let j be 31 + 0 + 0 + 2. Suppose j = 2*g - 51. List the prime factors of g.
2, 3, 7
Let t be (-2)/(-4)*(-1 - -1). Let i = -2 + 42. Suppose t = 3*m - 4*f + 3*f - 24, 5*m + 5*f = i. What are the prime factors of m?
2
Let d(j) be the second derivative of j**4/4 - j**3/6 - j**2 + 4*j. What are the prime factors of d(-3)?
2, 7
Suppose 4*r - 4 - 20 = 0. Suppose c = -3*c + 5*b + 6, r = -c + 5*b. What are the prime factors of c?
2
Let w(i) = 50*i - 99. What are the prime factors of w(9)?
3, 13
List the prime factors of (1/(-3))/(9/(-3213)).
7, 17
Suppose 228 - 53 = 5*f. What are the prime factors of f?
5, 7
Let q(x) = -5*x**2 - 8*x - 4 + 3 + 2*x**2 + 2*x**2. What are the prime factors of q(-4)?
3, 5
Let o = 15 + -15. Suppose o = 2*g - g - 33. List the prime factors of g.
3, 11
Suppose 2*d + c - 259 = -d, -5*d + 429 = c. List the prime factors of d.
5, 17
Suppose -6*x + 409 = -1157. List the prime factors of x.
3, 29
Suppose -5 = -h + 6*h. Suppose 8*p - 3*p = -5*w + 10, -5*p - 5 = 0. List the prime factors of 3/w*-15*h.
3, 5
List the prime factors of ((-148)/10)/(1/(-10)).
2, 37
List the prime factors of (1 - 0)/((-4)/(-288)).
2, 3
Let m(g) = -g**3 + 6*g**2 + 8*g + 1. Let j be m(7). Let y be 98/j + 3/(-12). What are the prime factors of 3/y + 11/4?
3
Suppose -74 = -2*i + 2*g, g - 98 = -4*i + 40. What are the prime factors of i?
5, 7
Let r(l) = -6*l**3 + l**2 + l. Let u = -